s 8 a factor of 496?
True
Does 11 divide 24763?
False
Does 5 divide 751?
False
Does 24 divide 1272?
True
Is 2283 a multiple of 3?
True
Does 15 divide 4513?
False
Is 55 a factor of 1408?
False
Does 7 divide 707?
True
Is 6 a factor of 162?
True
Is 320 a multiple of 5?
True
Is 14 a factor of 2184?
True
Does 68 divide 75029?
False
Is 12 a factor of 21061?
False
Does 39 divide 45715?
False
Is 30 a factor of 40230?
True
Is 1870 a multiple of 5?
True
Does 34 divide 408?
True
Does 50 divide 200?
True
Is 270 a factor of 51030?
True
Is 64 a factor of 16576?
True
Is 21 a factor of 25557?
True
Does 7 divide 9723?
True
Is 350 a multiple of 25?
True
Is 1030 a multiple of 4?
False
Does 19 divide 119681?
True
Is 267 a factor of 66057?
False
Is 12 a factor of 50724?
True
Does 8 divide 2941?
False
Does 4 divide 7245?
False
Is 58 a factor of 4060?
True
Is 77 a factor of 3696?
True
Is 20 a factor of 1427?
False
Does 9 divide 4655?
False
Does 33 divide 1741?
False
Is 4 a factor of 345?
False
Does 3 divide 669?
True
Does 4 divide 159?
False
Is 33 a multiple of 33?
True
Is 540 a multiple of 30?
True
Does 12 divide 9036?
True
Is 16168 a multiple of 52?
False
Does 24 divide 9456?
True
Is 49 a factor of 490?
True
Is 1477 a multiple of 56?
False
Is 66 a multiple of 11?
True
Does 6 divide 606?
True
Does 14 divide 5446?
True
Does 6 divide 49206?
True
Is 24149 a multiple of 69?
False
Does 15 divide 188?
False
Is 32 a factor of 62528?
True
Does 37 divide 13986?
True
Is 3360 a multiple of 28?
True
Does 120 divide 2880?
True
Is 2 a factor of 24?
True
Is 7 a factor of 1841?
True
Does 53 divide 2570?
False
Is 9 a factor of 8874?
True
Does 68 divide 13192?
True
Does 21 divide 4641?
True
Is 307 a multiple of 40?
False
Is 94 a factor of 7708?
True
Does 13 divide 3295?
False
Does 7 divide 98?
True
Does 55 divide 11715?
True
Is 121 a multiple of 6?
False
Is 9 a factor of 405?
True
Is 577 a multiple of 6?
False
Does 89 divide 44868?
False
Does 8 divide 371?
False
Is 9 a factor of 5688?
True
Does 94 divide 19458?
True
Does 11 divide 275?
True
Does 25 divide 9075?
True
Does 28 divide 563?
False
Is 570 a multiple of 6?
True
Does 22 divide 2596?
True
Is 4 a factor of 456?
True
Does 21 divide 13700?
False
Is 126159 a multiple of 24?
False
Does 15 divide 392?
False
Does 18 divide 7272?
True
Is 67 a factor of 11256?
True
Is 44 a factor of 12848?
True
Does 83 divide 7479?
False
Does 13 divide 45162?
True
Does 76 divide 15352?
True
Is 100 a factor of 11555?
False
Is 12 a factor of 5011?
False
Is 560 a multiple of 18?
False
Is 41 a factor of 667?
False
Is 4757 a multiple of 67?
True
Is 19 a factor of 321?
False
Is 29413 a multiple of 28?
False
Is 10685 a multiple of 36?
False
Is 5 a factor of 177?
False
Is 3164 a multiple of 5?
False
Is 1641 a multiple of 3?
True
Does 17 divide 425?
True
Is 67 a multiple of 42?
False
Is 216 a multiple of 6?
True
Is 18 a factor of 990?
True
Is 124 a factor of 34100?
True
Is 17 a factor of 70635?
True
Is 33157 a multiple of 262?
False
Is 40 a factor of 983?
False
Does 48 divide 562?
False
Does 29 divide 9135?
True
Is 78 a factor of 234?
True
Is 31989 a multiple of 13?
False
Is 55 a factor of 26871?
False
Is 1855 a multiple of 6?
False
Is 19 a factor of 3553?
True
Is 8 a factor of 14411?
False
Is 133 a factor of 98954?
False
Does 8 divide 16449?
False
Does 8 divide 200?
True
Is 2434 a multiple of 3?
False
Does 67 divide 4099?
False
Is 104 a factor of 15912?
True
Is 2072 a multiple of 37?
True
Does 10 divide 49140?
True
Does 9 divide 5313?
False
Is 207 a factor of 36433?
False
Does 22 divide 4400?
True
Is 6 a factor of 235?
False
Does 26 divide 24726?
True
Does 6 divide 1972?
False
Is 7335 a multiple of 45?
True
Is 23 a factor of 1679?
True
Is 3485 a multiple of 17?
True
Does 25 divide 10750?
True
Does 4 divide 7226?
False
Does 11 divide 1391?
False
Is 5 a factor of 1230?
True
Is 36 a factor of 56291?
False
Is 254 a factor of 81788?
True
Is 23 a factor of 6026?
True
Does 178 divide 16732?
True
Is 17150 a multiple of 49?
True
Is 1562 a multiple of 9?
False
Is 473 a multiple of 11?
True
Is 6 a factor of 178?
False
Is 48 a factor of 26592?
True
Is 107 a factor of 4755?
False
Is 413 a multiple of 59?
True
Is 21 a factor of 27279?
True
Is 2380 a multiple of 100?
False
Is 261 a multiple of 16?
False
Does 76 divide 85050?
False
Is 12 a multiple of 12?
True
Is 355 a multiple of 5?
True
Is 437 a multiple of 27?
False
Is 2398 a multiple of 11?
True
Is 2555 a multiple of 42?
False
Does 16 divide 720?
True
Is 3810 a multiple of 9?
False
Does 4 divide 104?
True
Is 3468 a multiple of 51?
True
Is 165 a factor of 449?
False
Does 8 divide 1659?
False
Does 222 divide 13764?
True
Does 21 divide 13566?
True
Is 4288 a multiple of 67?
True
Is 2895 a multiple of 26?
False
Is 37 a factor of 1155?
False
Is 4968 a multiple of 24?
True
Is 4086 a multiple of 9?
True
Is 1872 a multiple of 208?
True
Is 18634 a multiple of 11?
True
Is 4233 a multiple of 3?
True
Does 16 divide 15965?
False
Is 3704 a multiple of 20?
False
Does 5 divide 1306?
False
Does 67 divide 2910?
False
Is 5 a factor of 879?
False
Is 20 a factor of 40?
True
Is 34297 a multiple of 8?
False
Is 986 a multiple of 58?
True
Is 56 a factor of 5376?
True
Does 16 divide 72785?
False
Does 22 divide 1106?
False
Does 4 divide 220?
True
Is 130 a factor of 23660?
True
Is 7163 a multiple of 9?
False
Is 127 a factor of 12192?
True
Is 2332 a multiple of 10?
False
Is 156 a factor of 7800?
True
Is 3542 a multiple of 11?
True
Is 85 a factor of 2720?
True
Is 7 a factor of 551?
False
Is 43 a factor of 731?
True
Is 39 a factor of 5013?
False
Is 16 a factor of 1216?
True
Is 216 a multiple of 80?
False
Does 5 divide 1055?
True
Does 22 divide 113234?
True
Does 16 divide 108?
False
Does 111 divide 5439?
True
Does 17 divide 54436?
False
Does 72 divide 73212?
False
Is 65 a factor of 31823?
False
Does 257 divide 33383?
False
Does 10 divide 1466?
False
Does 9 divide 829?
False
Does 4 divide 1378?
False
Does 6 divide 9435?
False
Is 20 a factor of 4980?
True
Is 11 a factor of 3003?
True
Is 12 a factor of 17340?
True
Is 148 a factor of 6364?
True
Does 10 divide 2950?
True
Is 5374 a multiple of 32?
False
Is 78045 a multiple of 33?
True
Is 23142 a multiple of 58?
True
Is 594 a multiple of 11?
True
Is 2091 a multiple of 336?
False
Is 333 a multiple of 37?
True
Does 7 divide 1937?
False
Does 4 divide 68?
True
Does 39 divide 6864?
True
Does 96 divide 1536?
True
Is 14534 a multiple of 13?
True
Does 14 divide 4060?
True
Does 184 divide 10921?
False
Does 186 divide 1845?
False
Is 23604 a multiple of 12?
True
Is 13 a factor of 334?
False
Is 15 a factor of 632?
False
Is 9662 a multiple of 115?
False
Does 7 divide 266?
True
Does 18 divide 378?
True
Is 51372 a multiple of 88?
False
Is 128 a factor of 17408?
True
Is 9 a factor of 6392?
False
Is 19 a factor of 1900?
True
Does 10 divide 398?
False
Is 25008 a multiple of 24?
True
Does 3 divide 183?
True
Is 49 a factor of 9975?
False
Does 33 divide 14190?
True
Is 15910 a multiple of 74?
True
Is 8358 a multiple of 7?
True
Does 28 divide 3469?
False
Does 14 divide 42?
True
Is 147 a factor of 10334?
False
Is 100104 a multiple of 37?
False
Is 4 a factor of 18054?
False
Is 1190 a multiple of 17?
True
Is 11 a factor of 264?
True
Is 11 a factor of 34529?
True
Is 1541 a multiple of 81?
False
Is 13 a factor of 923?
True
Is 589 a multiple of 5?
False
Is 90 a factor of 3237?
False
Is 41001 a multiple of 18?
False
Is 73278 a multiple of 23?
True
Is 2908 a multiple of 103?
False
Is 60 a factor of 697?
False
Is 7371 a multiple of 106?
False
Is 1097 a multiple of 30?
False
Is 144 a multiple of 9?
True
Is 62 a factor of 434?
True
Does 5 divide 182?
False
Does 58 divide 1946?
False
Is 10 a factor of 31140?
True
Is 24912 a multiple of 5?
False
Does 87 divide 2523?
True
Is 9 a factor of 46764?
True
Does 7 divide 4565?
False
Is 220 a multiple of 44?
True
Is 593 a multiple of 15?
False
Does 9 divide 875?
False
Does 3 divide 15?
True
Is 3999 a multiple of 56?
False
Does 13 divide 1521?
True
Does 15 divide 2987?
False
Is 61928 a multiple of 8?
True
Is 28 a factor of 307?
False
Does 7 divide 6366?
False
Is 29 a factor of 411?
False
Is 14205 a multiple of 7?
False
Does 25 divide 20820?
False
Does 10 divide 280?
True
Is 10710 a multiple of 51?
Tr